e -699 = 6*u + 18321. What is the units digit of ((-9)/(-15))/((-6)/u)?
7
Let o(k) = -53*k**3 - 57*k - 337. What is the thousands digit of o(-7)?
8
Let y(t) = -t**2 - 36*t. Let c be y(0). Suppose c = -1407*s + 1400*s + 6076. What is the tens digit of s?
6
Let w = -37944 - -53915. What is the tens digit of w?
7
Let b(j) = 67*j + 452. Let d be b(-6). Suppose 5*o + r - 5975 + d = 0, -o - r = -1181. What is the hundreds digit of o?
1
Let u(c) = -c - 5. Let g be u(-6). What is the thousands digit of ((-741)/65)/(g/(-95))?
1
Let r(g) = 2 + 9 - 109*g + 7 - 60. What is the tens digit of r(-6)?
1
Let z(b) = 385*b - 624. What is the units digit of z(27)?
1
Suppose -4*z = -12, -4*f + 0*z - 3*z + 22901 = 0. Suppose -9*j = -5014 - f. What is the units digit of j?
3
Let p be (-60812)/14 + -3 + 95/35. Let c = p + 6104. Suppose 10*q - 26*q + c = 0. What is the units digit of q?
0
Let a(z) = 2*z**3 - 5*z**2 + 30*z + 54. What is the thousands digit of a(13)?
3
Suppose 1108374 = 192*z - 15*z. What is the tens digit of z?
6
Suppose 3*r + 2*k = 85799 - 30327, -r - 2*k = -18500. What is the ten thousands digit of r?
1
Suppose 16 = 3*c + 5*c. Suppose 4*g - 14 = -c*y, -4*g + 5*y - 2 + 9 = 0. Suppose o - 5*x = 110 + 42, -g*o + 3*x = -408. What is the hundreds digit of o?
1
Let x = 214 + -211. Suppose -4*w + 4134 = x*i, 0*w = -w - i + 1033. What is the tens digit of w?
3
Let f(a) = 178*a**3 + a**2 - 47*a + 128. What is the hundreds digit of f(4)?
3
Let l be (24 + -34)/(-1 - 1). Suppose -l*d - 22 + 7 = 0, -4*d = -n + 305. What is the hundreds digit of n?
2
Suppose -4*b + 23770 + 85800 = 5*s, 24 = -4*s. What is the thousands digit of b?
7
Suppose 0 = 4*w + 5*f - 5226, -13*f - 5220 = -4*w - 15*f. Suppose -6*h - w + 7520 = 0. What is the units digit of h?
6
Let i(y) = -6*y + 14*y - y - 3*y**2 + 4*y**2 + 1. Suppose 0*g = -g + 3. What is the tens digit of i(g)?
3
Suppose 0 = -3*y - 5*t + 98, 3*y - 64 = 3*t + 50. Let j = y - 34. What is the units digit of 1 - ((-3340)/28 - j/(-7))?
0
Let j = -233 + 236. Suppose 0 = 4*p - j*p - 4*c - 1435, 0 = 5*p + 2*c - 7109. What is the units digit of p?
3
Let m = -24865 + 36712. What is the hundreds digit of m?
8
Let b = 18805 - 7245. What is the hundreds digit of b?
5
Suppose 4*y = 13 - 5. Suppose -4*h - 36 = 2*b, -y*h - 2*b - 28 = h. What is the units digit of h - -14 - (-1 + 2)?
5
Suppose 3*w + 761 = 5*q, -163 = -q - 2*w - w. Suppose 6*u + q = -404. Let n = 46 - u. What is the hundreds digit of n?
1
Suppose -462449 = -59*i - 10337 + 455013. What is the tens digit of i?
7
Let k(w) = 4*w - 77. Let u be k(19). What is the tens digit of 398 + (0 - (-12)/4)/u?
9
Let b(h) = 301*h**3 + 6*h**2 - 11*h + 5. What is the tens digit of b(2)?
1
Let c(w) = -w**3 - 6*w**2 - 4*w + 14. Let k be c(-5). What is the tens digit of 4 - k - (-609 - 2) - 2?
0
Let d = -130 + 157. Suppose -33*h = -d*h - 60. What is the tens digit of h?
1
Let v = 103 + -100. Suppose -5*i - v*x = -3*i - 5, -5*i + 4*x = -1. What is the units digit of i?
1
Let g(h) = -h + 1. Let t be g(1). Suppose t = 3*o - u - 1226, -3*o + 833 + 399 = -4*u. What is the units digit of (o/20)/((-8)/(-20))?
1
Suppose 104*b - 6 = 101*b. Let n be 39/39 - (8/(-1))/b. Suppose -n*a + j = -1214, 1230 = -0*a + 5*a - 5*j. What is the tens digit of a?
4
Suppose 0 = 3*x - 58 + 19. Let u(c) = -4*c - 4*c**2 + 8 + 2*c**2 + 2*c + x*c**3 - 6. What is the tens digit of u(2)?
9
Let b be 88/44 - (0 - 1). Suppose -b*c - 5*n + 682 = 0, 8*n - 12*n = -20. What is the units digit of c?
9
Suppose 2*p - 1645 = -3*h + 24337, 20 = -5*h. What is the tens digit of p?
9
Let t = 17 + -14. Suppose -16 = -4*a, -t*i - 4*a = -5*i - 10. Suppose 4*f - 293 = -i*s - 26, 0 = -f + s + 72. What is the tens digit of f?
6
Let w(i) = -i**3 - 10*i**2 - 2. Let r = 82 - 92. Let v be w(r). What is the units digit of v*352/(-12)*1*3?
6
Let d be (-8 + 91/14)/(1/(-18)). Let m(o) = o**3 - 26*o**2 - 24*o - 60. What is the tens digit of m(d)?
2
Let a = 144 + -139. What is the units digit of (a/(-3))/((-15)/1566)?
4
Suppose 12*o = 15*o - 84. Suppose -2*w - 6 = -o. What is the hundreds digit of 130/455 + w/(-7)*-94?
1
Suppose 2*i = -g + 23295, 0 = 3*i + 3*g + 3520 - 38470. What is the ten thousands digit of i?
1
Suppose 4*t - 36 = -4*b, -4*t + 3*t = 2*b - 13. Let r be 6/((-8)/b) + 4*4. Suppose -r = -h + 18. What is the tens digit of h?
3
Suppose 4*t + 33545 = j, 21*j - 16*j = 5*t + 167815. What is the tens digit of j?
6
Let p = -14638 - -23804. What is the hundreds digit of p?
1
Let h be 24/9*(-6)/(-16)*302. Let y = -65 + h. What is the tens digit of y?
3
Suppose 542*y - 531*y - 154726 = 0. What is the thousands digit of y?
4
Suppose 5*b - 2*h - 69548 = 0, -5*b + 4*h = -6*b + 13914. What is the tens digit of b?
1
Let b(f) = 33*f**2 + 3*f + 8. Let j(i) = 2*i + 18. Let z be j(-11). What is the hundreds digit of b(z)?
5
Suppose 4*g - 2*x = 45612, 5*g + 41*x = 38*x + 57037. Suppose 5*k - g = -2205. What is the tens digit of k?
4
Suppose 74*v - 75*v + 1226 = 0. Let r = v + -440. What is the hundreds digit of r?
7
Suppose 0 = 28*n - 11053 - 595. Suppose 27*b - n = 23*b. What is the hundreds digit of b?
1
Let m = 95544 - 66841. What is the tens digit of m?
0
Let a = 12624 + -4204. What is the hundreds digit of a?
4
What is the tens digit of 5706168/188 - (-18)/423?
5
What is the units digit of (18 + -18)/(2 - 4) + 11209?
9
Let p(x) be the second derivative of 53*x**3/6 - x**2 + 33*x. Let z be p(15). Suppose 4*o = -9*o + z. What is the units digit of o?
1
Let l be 3/2*1/((-9)/(-12)). Let q be l*1 - (-1)/(5 + -6). What is the hundreds digit of q - ((-3)/2 - 498/4)?
1
Suppose 0 = -2*f - 2*c - 7745 + 22451, -c = -4*f + 29412. What is the units digit of f?
3
Suppose 3*v + 4*v = 14380 + 74618. What is the hundreds digit of v?
7
Let m be (-34)/(18/15 + (-1)/5). Let i = -48 + m. Let d = 27 - i. What is the hundreds digit of d?
1
Let g(z) = -173*z - 9. Let c be g(2). Let f = -228 - c. What is the units digit of f?
7
What is the units digit of 16/(-12)*(-2501148)/104?
6
Let b = 183 - 178. Suppose b*i + 3843 = 14*i. What is the units digit of i?
7
Let m(n) = -n**3 + 75*n**2 + 416*n + 433. What is the thousands digit of m(71)?
0
Let c be ((-17)/17)/(3/(-684)). Let m = c + 15. What is the tens digit of m?
4
Let z(h) = -h**3 + h**2 + 2*h - 1. Let x be z(2). What is the tens digit of 2371/(-4)*x + 45/36?
9
Suppose 3*n - 6 = 3*x - x, n + 2*x - 2 = 0. What is the units digit of (-1 - n - -58)*(-18)/(-45)?
2
Let v(q) = -91*q**2 - 24*q - 12. Let i be v(4). Let h = -20 - i. What is the units digit of h?
4
Suppose 3*d = -3*d - 2*d. What is the units digit of 190*(-1 + d/4)*-2?
0
What is the units digit of -4152*((1/2)/((-14)/28) - 8)?
8
Suppose -2*c + 4*x + 18800 = 6*x, -c = -2*x - 9418. What is the units digit of c?
6
What is the ten thousands digit of (-60)/(-8)*(-10)/(-6)*(444 - -3050)?
4
Suppose -5*w + 4*j - 1045 = -j, -1046 = 5*w - 4*j. Let d be (28 - 1)*w/(-45). Suppose 6*i - d - 402 = 0. What is the tens digit of i?
8
Let g(t) = -60*t**3 - 44*t**2 - 148*t + 13. What is the ten thousands digit of g(-8)?
2
Let h(m) = -m**3 + 9*m**2 - 15*m + 110. Let x be h(11). What is the units digit of ((-128)/6)/(((-308)/x)/(-14))?
8
Suppose 0 = 4*l - 0*l - x + 266, -l - 5*x = 56. Let z(f) = -f**3 - 2*f**2 + 35*f - 50. Let i be z(5). Let g = i - l. What is the tens digit of g?
1
Let f(q) = -q**3 - 51*q**2 + 41*q + 79. Let u be f(-45). What is the hundreds digit of 6/(-9) - u/21?
6
Let i = -228 - -583. Suppose p + i = 4*u - 3*u, 5*u + 3*p - 1807 = 0. What is the units digit of u?
9
Let g(q) = 65*q + 90. Let i be g(-12). What is the hundreds digit of (-2 - -9) + i/(-5)?
1
Let c(t) be the first derivative of t**6/120 + t**5/60 + t**4/8 - 28*t**3/3 - 25. Let u(x) be the third derivative of c(x). What is the units digit of u(5)?
8
Suppose -4*b + 11036 = 32. What is the hundreds digit of 10*(b/(-6))/(-7)?
6
Let p be (3/2)/(810/264 + -3). What is the units digit of p/(3 + -5 - -3)?
2
Suppose -5*j - 4*h = -59059, -j + 8392 = -h - 3427. What is the units digit of j?
5
Let w = -38 + 70. Suppose -4*x = -x - 3*r, w = -5*x - 3*r. Let b(t) = 2*t**2 + 5*t + 29. What is the units digit of b(x)?
1
Let s(o) be the third derivative of -27*o**4/8 - 10*o**3 + o**2 + 15*o. What is the units digit of s(-10)?
0
S